{"id":4,"date":"2020-01-13T06:44:08","date_gmt":"2020-01-13T06:44:08","guid":{"rendered":"http:\/\/ul-train.de\/?page_id=4"},"modified":"2026-01-05T06:30:28","modified_gmt":"2026-01-05T06:30:28","slug":"willkommen","status":"publish","type":"page","link":"https:\/\/ul-train.de\/","title":{"rendered":"Willkommen"},"content":{"rendered":"\n<p>Liebe B\u00fcrgerinnen und B\u00fcrger<br> unserer Gemeinde Train,<\/p>\n\n\n\n<p>seit 2002 engagieren sich Mitglieder der Unabh\u00e4ngigen Liste im Gemeinderat. In diesem Zeitraum hat sich, nicht zuletzt durch deren Engagement, sehr viel in unserer Gemeinde getan.<\/p>\n\n\n\n<p>Am 30.04.2026 endet nach 24 Jahren das B\u00fcrgermeisteramt von Gerhard Zeitler. Unsere Gemeinde genie\u00dft im Landkreis vor allem durch seine T\u00e4tigkeit einen hervorragenden Ruf.<\/p>\n\n\n\n<p>Die Zeit bleibt jedoch nicht stehen. Wir sind dabei neue, zukunftstr\u00e4chtige Ma\u00dfnahmen f\u00fcr unsere Ortsteile Train, St. Johann, Mallmersdorf und Neukirchen zur er\u00f6rtern, vorzustellen und im Gemeinderat gemeinsam umzusetzen.<\/p>\n\n\n\n<p>Unterst\u00fctzen Sie unsere B\u00fcrgermeisterkandidatin Tanja Dirscherl sowie unsere Bewerberinnen und Bewerber f\u00fcr den Gemeinderat in der Kommunalwahl am 8. M\u00e4rz 2026. Wir laden Sie herzlich zu unserer zentralen Wahlveranstaltung am<\/p>\n\n\n\n<p>Freitag, den 30.01.26, Beginn 18:00 Uhr, im Sportheim ein.<\/p>\n\n\n\n<p>Lernen Sie unser Wahlprogramm, unsere Kandidatinnen und Kandidaten mit ihren Zielen kennen. Mit Tanja Dirscherl stellt sich eine sehr erfahrene, versierte Verwaltungsfachangestellte und engagierte Trainer B\u00fcrgerin zur Wahl f\u00fcr das B\u00fcrgermeisteramt.<\/p>\n\n\n\n<p>Wir freuen uns auf Ihren Besuch.<\/p>\n\n\n\n<p>Im Namen der Vorstandschaft der UL Train e. V. w\u00fcnsche ich Ihnen ein gesundes und unbeschwertes Jahr 2026.<\/p>\n\n\n\n<p>Sollten Sie am 30.01.26 verhindert sein, so nutzen Sie unser Angebot zum D\u00e4mmerschoppen am 01.02.26, 17:00 Uhr, im Feuerwehrhaus Mallmersdorf oder den offenen Dialog mit unseren Kandidaten am 08.02.26, 14:00 bis 17:00 Uhr, im Sportheim.<\/p>\n\n\n\n<p>Ihr Stephan Schmidt<\/p>\n\n\n\n<p>1. Vorsitzender UL Train e.V. <\/p>\n\n\n\n<p><\/p>\n","protected":false},"excerpt":{"rendered":"<p>Liebe B\u00fcrgerinnen und B\u00fcrger unserer Gemeinde Train, seit 2002 engagieren sich Mitglieder der Unabh\u00e4ngigen Liste im Gemeinderat. In diesem Zeitraum hat sich, nicht zuletzt durch deren Engagement, sehr viel in unserer Gemeinde getan. Am 30.04.2026 endet nach 24 Jahren das B\u00fcrgermeisteramt von Gerhard Zeitler. Unsere Gemeinde genie\u00dft im Landkreis vor allem durch seine T\u00e4tigkeit einen hervorragenden Ruf. Die Zeit bleibt jedoch nicht stehen. Wir sind dabei neue, zukunftstr\u00e4chtige Ma\u00dfnahmen f\u00fcr unsere Ortsteile Train, St. Johann, Mallmersdorf und Neukirchen zur er\u00f6rtern, vorzustellen und im Gemeinderat gemeinsam umzusetzen. Unterst\u00fctzen Sie unsere B\u00fcrgermeisterkandidatin Tanja Dirscherl sowie unsere Bewerberinnen und Bewerber f\u00fcr den Gemeinderat in der Kommunalwahl am 8. M\u00e4rz 2026. Wir laden Sie herzlich zu unserer zentralen Wahlveranstaltung am Freitag, den 30.01.26, Beginn 18:00 Uhr, im Sportheim ein. Lernen Sie unser Wahlprogramm, unsere Kandidatinnen und Kandidaten mit ihren Zielen kennen. Mit Tanja Dirscherl stellt sich eine sehr erfahrene, versierte Verwaltungsfachangestellte und engagierte Trainer B\u00fcrgerin zur Wahl f\u00fcr das B\u00fcrgermeisteramt. Wir freuen uns auf Ihren Besuch. Im Namen der Vorstandschaft der UL Train e. V. w\u00fcnsche ich Ihnen ein gesundes und unbeschwertes Jahr 2026. Sollten Sie am 30.01.26 verhindert sein, so nutzen Sie unser Angebot zum D\u00e4mmerschoppen am 01.02.26, 17:00 Uhr, im Feuerwehrhaus Mallmersdorf oder den offenen Dialog mit unseren Kandidaten am 08.02.26, 14:00 bis 17:00 Uhr, im Sportheim. Ihr Stephan Schmidt 1. Vorsitzender UL Train e.V.<\/p>\n","protected":false},"author":1,"featured_media":0,"parent":0,"menu_order":0,"comment_status":"closed","ping_status":"closed","template":"","meta":{"footnotes":""},"class_list":["post-4","page","type-page","status-publish","hentry"],"jetpack_sharing_enabled":true,"_links":{"self":[{"href":"https:\/\/ul-train.de\/index.php?rest_route=\/wp\/v2\/pages\/4","targetHints":{"allow":["GET"]}}],"collection":[{"href":"https:\/\/ul-train.de\/index.php?rest_route=\/wp\/v2\/pages"}],"about":[{"href":"https:\/\/ul-train.de\/index.php?rest_route=\/wp\/v2\/types\/page"}],"author":[{"embeddable":true,"href":"https:\/\/ul-train.de\/index.php?rest_route=\/wp\/v2\/users\/1"}],"replies":[{"embeddable":true,"href":"https:\/\/ul-train.de\/index.php?rest_route=%2Fwp%2Fv2%2Fcomments&post=4"}],"version-history":[{"count":6,"href":"https:\/\/ul-train.de\/index.php?rest_route=\/wp\/v2\/pages\/4\/revisions"}],"predecessor-version":[{"id":242,"href":"https:\/\/ul-train.de\/index.php?rest_route=\/wp\/v2\/pages\/4\/revisions\/242"}],"wp:attachment":[{"href":"https:\/\/ul-train.de\/index.php?rest_route=%2Fwp%2Fv2%2Fmedia&parent=4"}],"curies":[{"name":"wp","href":"https:\/\/api.w.org\/{rel}","templated":true}]}}